{"id":468,"date":"2026-01-10T06:55:03","date_gmt":"2026-01-10T05:55:03","guid":{"rendered":"http:\/\/www.voreppeavenir.fr\/changeons\/?page_id=468"},"modified":"2026-02-27T16:05:28","modified_gmt":"2026-02-27T15:05:28","slug":"engagement","status":"publish","type":"page","link":"http:\/\/www.voreppeavenir.fr\/changeons\/engagement\/","title":{"rendered":"S&rsquo;engager pour changer"},"content":{"rendered":"<p>Le syst\u00e8me actuel veut que l\u2019on mette en avant une personne, une t\u00eate de liste.<\/p>\n<p><img decoding=\"async\" class=\"alignright size-medium wp-image-502\" title=\"L'\u00e9quipe ayant particip\u00e9 \u00e0 l'interview de d\u00e9cembre - Cr\u00e9dit : Le Dauphin\u00e9 Lib\u00e9r\u00e9\" src=\"http:\/\/www.voreppeavenir.fr\/changeons\/wp-content\/uploads\/2026\/01\/equipe_dl_small-300x202.jpeg\" alt=\"\" width=\"30%\" srcset=\"http:\/\/www.voreppeavenir.fr\/changeons\/wp-content\/uploads\/2026\/01\/equipe_dl_small-300x202.jpeg 300w, http:\/\/www.voreppeavenir.fr\/changeons\/wp-content\/uploads\/2026\/01\/equipe_dl_small-768x516.jpeg 768w, http:\/\/www.voreppeavenir.fr\/changeons\/wp-content\/uploads\/2026\/01\/equipe_dl_small.jpeg 1024w\" sizes=\"(max-width: 300px) 100vw, 300px\" \/><span style=\"font-size: revert;\">Oui, un ou une maire est responsable des d\u00e9cisions prises, devant les habitants et devant la loi. Mais un maire seul ne peut rien.<\/span><\/p>\n<p>C&rsquo;est bien l\u2019ensemble des \u00e9lus, par leur travail et leur engagement, qui permettent \u00e0 un projet de se mettre en place. Sans cette coh\u00e9sion, on peut certes r\u00e9pondre au coup par coup aux demandes et besoins, mais on ne construit pas un projet qui s\u2019inscrit dans des r\u00e9ponses durables pour notre commune.<\/p>\n<p><strong>Nous sommes un collectif et nous travaillons ensemble dans le respect de nos diversit\u00e9s sur un projet qui concerne le quotidien de tous les Voreppins.<\/strong><\/p>\n<p>C\u2019est le premier sens du <strong>\u00ab\u00a0Changeons\u00a0\u00bb<\/strong>.<\/p>\n<p>On entend souvent : les gens doivent changer, changer de mobilit\u00e9, de consommation, ils doivent accepter ceci, faire cela\u2026. Mais on entend rarement les \u00e9lus dire <em>\u00ab\u00a0je dois changer ma fa\u00e7on de faire\u00a0\u00bb<\/em>.<\/p>\n<p>Nous venons d\u2019avoir 12 ans d\u2019une gestion tr\u00e8s verticale, o\u00f9 quelques personnes d\u00e9cidaient de tout.<br \/>\nCe n\u2019est pas ce que nous proposons.<\/p>\n<p><strong>Changeons nos pratiques<\/strong> pour un travail collectif, respectueux des diff\u00e9rents points de vue. C\u2019est de la diversit\u00e9 exprim\u00e9e que l\u2019on peut vraiment construire des projets pertinents dans l\u2019int\u00e9r\u00eat de tous.<\/p>\n<p><strong>Changeons pour une exigence de transparence<\/strong>\u00a0et un dialogue r\u00e9gulier avec les habitants sur les projets et d\u00e9cisions.<\/p>\n<p><strong>Changeons, c\u2019est l\u2019engagement<\/strong> de structurer un vrai cadre pour accompagner et <strong>favoriser l\u2019expression et la participation des habitants<\/strong>. Pour que ceux-ci soient vraiment acteurs, qu\u2019ils se saisissent des projets, des actions qui touchent leur quotidien.<\/p>\n<p><strong>Changeons, c\u2019est la conscience que nous sommes tous individuellement et collectivement, partie prenante de notre avenir<\/strong>. Mais parce que les \u00e9lus sont aussi les garants de la coh\u00e9sion entre les habitants, en tant que tels nous avons la responsabilit\u00e9 d\u2019orienter les moyens qui sont mis \u00e0 notre disposition pour adapter notre commune, pour agir, pour att\u00e9nuer au mieux les cons\u00e9quences du r\u00e9chauffement climatique, de la fracture sociale, pour assurer confort et s\u00e9curit\u00e9 \u00e0 tous.<\/p>\n<p><img decoding=\"async\" class=\"alignleft size-full wp-image-1101\" src=\"http:\/\/www.voreppeavenir.fr\/changeons\/wp-content\/uploads\/2026\/02\/SENTIS_FABIENNE_reduit.jpg\" alt=\"\" width=\"15%\" srcset=\"http:\/\/www.voreppeavenir.fr\/changeons\/wp-content\/uploads\/2026\/02\/SENTIS_FABIENNE_reduit.jpg 400w, http:\/\/www.voreppeavenir.fr\/changeons\/wp-content\/uploads\/2026\/02\/SENTIS_FABIENNE_reduit-300x217.jpg 300w\" sizes=\"(max-width: 400px) 100vw, 400px\" \/>Le groupe tr\u00e8s ouvert qui travaille sur le projet que nous proposerons aux Voreppins regroupe des personnes de gauche dans toute sa diversit\u00e9, et d\u2019autres qui ne se revendiquent pas de cette \u00e9tiquette. Nous avons fait le choix de construire collectivement <a href=\"http:\/\/www.voreppeavenir.fr\/changeons\/la-charte\/\" target=\"_blank\" rel=\"noopener\">un charte qui exprime les valeurs que nous portons, et qui exprime tr\u00e8s clairement aussi la fa\u00e7on dont les actions et projets seront construits<\/a>. \u00c0 chaque fois, nous nous poserons la question de la place de l\u2019habitant, de la s\u00e9curit\u00e9 et du bien-\u00eatre de tous, de l\u2019impact environnemental, de l\u2019int\u00e9r\u00eat g\u00e9n\u00e9ral, de la solidarit\u00e9.<\/p>\n<p><strong><a href=\"http:\/\/www.voreppeavenir.fr\/changeons\/la-charte\/\" target=\"_blank\" rel=\"noopener\">La charte<\/a>, c\u2019est nos valeurs, notre \u00e9tat d\u2019esprit, notre m\u00e9thode de travail, c\u2019est ce qui nous rassemble. Cette charte nous engage individuellement et collectivement.<\/strong><\/p>\n<p>Certains d\u2019entre nous ont de l\u2019exp\u00e9rience et ont d\u00e9montr\u00e9 depuis 3 mandats leur s\u00e9rieux et d\u00e9vouement \u00e0 Voreppe. Soutenant ce qui semblait souhaitable, d\u00e9non\u00e7ant sans complaisance, les nombreux travers de r\u00e9alisations des deux derniers mandats.<\/p>\n<p>Finies les d\u00e9cisions de projets, constructions, les r\u00e9ponses \u00e0 des demandes particuli\u00e8res\u2026 qui ne sont jamais vues dans leur globalit\u00e9, alors que, pourtant, elles ont des impacts sur l\u2019ensemble de la commune et des habitants.<\/p>\n<p><strong>Nous proposons une vision coh\u00e9rente, construite et tourn\u00e9e vers l\u2019avenir.\u00a0<\/strong><\/p>\n<p>Il est probable que nos th\u00e8mes se retrouveront dans les programmes des autres listes. Mais si les constats peuvent \u00eatre les m\u00eames, la fa\u00e7on d\u2019y r\u00e9pondre ne l\u2019est pas. Notre engagement repose sur la <strong>sinc\u00e9rit\u00e9 des propositions<\/strong>.<\/p>\n<p>Depuis plusieurs semaines d\u00e9j\u00e0 <a href=\"http:\/\/www.voreppeavenir.fr\/changeons\/la-charte\/\" target=\"_blank\" rel=\"noopener\">la charte<\/a>, <a href=\"http:\/\/www.voreppeavenir.fr\/changeons\/axes-de-travail\/\" target=\"_blank\" rel=\"noopener\">les premiers axes de travail pour notre programme<\/a> sont sur notre site. Chacun peut y avoir acc\u00e8s en toute transparence.<\/p>\n<p><strong>Nous ne faisons pas de <em>\u00ab\u00a0green washing\u00a0\u00bb<\/em>, de <em>\u00ab\u00a0social washing\u00a0\u00bb<\/em>, de <em>\u00ab\u00a0mobilit\u00e9 washing\u00a0\u00bb<\/em> \u2026 Sur tous ces sujets nous sommes investis, constants, coh\u00e9rents <a href=\"http:\/\/www.voreppeavenir.fr\/site\/articles\" target=\"_blank\" rel=\"noopener\">dans nos discours et nos actes<\/a><\/strong>.<\/p>\n<p>Nos engagements sont sinc\u00e8res et transparents envers Voreppe. Ce ne sont pas quelques mots dans un programme \u00e9lectoral port\u00e9 par la seule volont\u00e9 de remplacer ceux en poste. Nous annon\u00e7ons clairement notre vision.<\/p>\n<p><strong>La commune c\u2019est notre lieu de vie \u00e0 tous<\/strong>, c\u2019est le premier niveau de contact avec les services publics, l\u2019administration, c\u2019est la premi\u00e8re porte \u00e0 laquelle on frappe en cas de difficult\u00e9s.<\/p>\n<p>C\u2019est de la responsabilit\u00e9 des \u00e9lus non seulement d\u2019\u00e9couter et accompagner au mieux les Voreppins, mais c\u2019est aussi de la <strong>responsabilit\u00e9 des \u00e9lus de pr\u00e9voir, d\u2019anticiper, et d\u2019accompagner aux changements les habitants<\/strong> pour que Voreppe soit une commune pr\u00e9serv\u00e9e, encore plus agr\u00e9able \u00e0 vivre.<\/p>\n<p><em style=\"font-size: small;\">Ce texte est issu de la pr\u00e9paration de l&rsquo;<a href=\"https:\/\/www.ledauphine.com\/elections\/2025\/12\/21\/isere-municipales-2026-une-troisieme-liste-conduite-a-voreppe-par-fabienne-sentis\" target=\"_blank\" rel=\"noopener\">interview du Dauphin\u00e9 Lib\u00e9r\u00e9<\/a> de d\u00e9cembre dernier<\/em><\/p>\n","protected":false},"excerpt":{"rendered":"<p>Le syst\u00e8me actuel veut que l\u2019on mette en avant une personne, une t\u00eate de liste. Oui, un ou une maire est responsable des d\u00e9cisions prises, &hellip; <\/p>\n","protected":false},"author":7,"featured_media":0,"parent":0,"menu_order":0,"comment_status":"closed","ping_status":"closed","template":"","meta":{"footnotes":""},"class_list":["post-468","page","type-page","status-publish","hentry"],"_links":{"self":[{"href":"http:\/\/www.voreppeavenir.fr\/changeons\/wp-json\/wp\/v2\/pages\/468","targetHints":{"allow":["GET"]}}],"collection":[{"href":"http:\/\/www.voreppeavenir.fr\/changeons\/wp-json\/wp\/v2\/pages"}],"about":[{"href":"http:\/\/www.voreppeavenir.fr\/changeons\/wp-json\/wp\/v2\/types\/page"}],"author":[{"embeddable":true,"href":"http:\/\/www.voreppeavenir.fr\/changeons\/wp-json\/wp\/v2\/users\/7"}],"replies":[{"embeddable":true,"href":"http:\/\/www.voreppeavenir.fr\/changeons\/wp-json\/wp\/v2\/comments?post=468"}],"version-history":[{"count":29,"href":"http:\/\/www.voreppeavenir.fr\/changeons\/wp-json\/wp\/v2\/pages\/468\/revisions"}],"predecessor-version":[{"id":1394,"href":"http:\/\/www.voreppeavenir.fr\/changeons\/wp-json\/wp\/v2\/pages\/468\/revisions\/1394"}],"wp:attachment":[{"href":"http:\/\/www.voreppeavenir.fr\/changeons\/wp-json\/wp\/v2\/media?parent=468"}],"curies":[{"name":"wp","href":"https:\/\/api.w.org\/{rel}","templated":true}]}}

<p>Le système actuel veut que l’on mette en avant une personne, une tête de liste.</p>
<p><img decoding="async" class="alignright size-medium wp-image-502" title="L'équipe ayant participé à l'interview de décembre - Crédit : Le Dauphiné Libéré" src="http://www.voreppeavenir.fr/changeons/wp-content/uploads/2026/01/equipe_dl_small-300x202.jpeg" alt="" width="30%" srcset="http://www.voreppeavenir.fr/changeons/wp-content/uploads/2026/01/equipe_dl_small-300x202.jpeg 300w, http://www.voreppeavenir.fr/changeons/wp-content/uploads/2026/01/equipe_dl_small-768x516.jpeg 768w, http://www.voreppeavenir.fr/changeons/wp-content/uploads/2026/01/equipe_dl_small.jpeg 1024w" sizes="(max-width: 300px) 100vw, 300px" /><span style="font-size: revert;">Oui, un ou une maire est responsable des décisions prises, devant les habitants et devant la loi. Mais un maire seul ne peut rien.</span></p>
<p>C&rsquo;est bien l’ensemble des élus, par leur travail et leur engagement, qui permettent à un projet de se mettre en place. Sans cette cohésion, on peut certes répondre au coup par coup aux demandes et besoins, mais on ne construit pas un projet qui s’inscrit dans des réponses durables pour notre commune.</p>
<p><strong>Nous sommes un collectif et nous travaillons ensemble dans le respect de nos diversités sur un projet qui concerne le quotidien de tous les Voreppins.</strong></p>
<p>C’est le premier sens du <strong>« Changeons »</strong>.</p>
<p>On entend souvent : les gens doivent changer, changer de mobilité, de consommation, ils doivent accepter ceci, faire cela…. Mais on entend rarement les élus dire <em>« je dois changer ma façon de faire »</em>.</p>
<p>Nous venons d’avoir 12 ans d’une gestion très verticale, où quelques personnes décidaient de tout.<br />
Ce n’est pas ce que nous proposons.</p>
<p><strong>Changeons nos pratiques</strong> pour un travail collectif, respectueux des différents points de vue. C’est de la diversité exprimée que l’on peut vraiment construire des projets pertinents dans l’intérêt de tous.</p>
<p><strong>Changeons pour une exigence de transparence</strong> et un dialogue régulier avec les habitants sur les projets et décisions.</p>
<p><strong>Changeons, c’est l’engagement</strong> de structurer un vrai cadre pour accompagner et <strong>favoriser l’expression et la participation des habitants</strong>. Pour que ceux-ci soient vraiment acteurs, qu’ils se saisissent des projets, des actions qui touchent leur quotidien.</p>
<p><strong>Changeons, c’est la conscience que nous sommes tous individuellement et collectivement, partie prenante de notre avenir</strong>. Mais parce que les élus sont aussi les garants de la cohésion entre les habitants, en tant que tels nous avons la responsabilité d’orienter les moyens qui sont mis à notre disposition pour adapter notre commune, pour agir, pour atténuer au mieux les conséquences du réchauffement climatique, de la fracture sociale, pour assurer confort et sécurité à tous.</p>
<p><img decoding="async" class="alignleft size-full wp-image-1101" src="http://www.voreppeavenir.fr/changeons/wp-content/uploads/2026/02/SENTIS_FABIENNE_reduit.jpg" alt="" width="15%" srcset="http://www.voreppeavenir.fr/changeons/wp-content/uploads/2026/02/SENTIS_FABIENNE_reduit.jpg 400w, http://www.voreppeavenir.fr/changeons/wp-content/uploads/2026/02/SENTIS_FABIENNE_reduit-300x217.jpg 300w" sizes="(max-width: 400px) 100vw, 400px" />Le groupe très ouvert qui travaille sur le projet que nous proposerons aux Voreppins regroupe des personnes de gauche dans toute sa diversité, et d’autres qui ne se revendiquent pas de cette étiquette. Nous avons fait le choix de construire collectivement <a href="http://www.voreppeavenir.fr/changeons/la-charte/" target="_blank" rel="noopener">un charte qui exprime les valeurs que nous portons, et qui exprime très clairement aussi la façon dont les actions et projets seront construits</a>. À chaque fois, nous nous poserons la question de la place de l’habitant, de la sécurité et du bien-être de tous, de l’impact environnemental, de l’intérêt général, de la solidarité.</p>
<p><strong><a href="http://www.voreppeavenir.fr/changeons/la-charte/" target="_blank" rel="noopener">La charte</a>, c’est nos valeurs, notre état d’esprit, notre méthode de travail, c’est ce qui nous rassemble. Cette charte nous engage individuellement et collectivement.</strong></p>
<p>Certains d’entre nous ont de l’expérience et ont démontré depuis 3 mandats leur sérieux et dévouement à Voreppe. Soutenant ce qui semblait souhaitable, dénonçant sans complaisance, les nombreux travers de réalisations des deux derniers mandats.</p>
<p>Finies les décisions de projets, constructions, les réponses à des demandes particulières… qui ne sont jamais vues dans leur globalité, alors que, pourtant, elles ont des impacts sur l’ensemble de la commune et des habitants.</p>
<p><strong>Nous proposons une vision cohérente, construite et tournée vers l’avenir. </strong></p>
<p>Il est probable que nos thèmes se retrouveront dans les programmes des autres listes. Mais si les constats peuvent être les mêmes, la façon d’y répondre ne l’est pas. Notre engagement repose sur la <strong>sincérité des propositions</strong>.</p>
<p>Depuis plusieurs semaines déjà <a href="http://www.voreppeavenir.fr/changeons/la-charte/" target="_blank" rel="noopener">la charte</a>, <a href="http://www.voreppeavenir.fr/changeons/axes-de-travail/" target="_blank" rel="noopener">les premiers axes de travail pour notre programme</a> sont sur notre site. Chacun peut y avoir accès en toute transparence.</p>
<p><strong>Nous ne faisons pas de <em>« green washing »</em>, de <em>« social washing »</em>, de <em>« mobilité washing »</em> … Sur tous ces sujets nous sommes investis, constants, cohérents <a href="http://www.voreppeavenir.fr/site/articles" target="_blank" rel="noopener">dans nos discours et nos actes</a></strong>.</p>
<p>Nos engagements sont sincères et transparents envers Voreppe. Ce ne sont pas quelques mots dans un programme électoral porté par la seule volonté de remplacer ceux en poste. Nous annonçons clairement notre vision.</p>
<p><strong>La commune c’est notre lieu de vie à tous</strong>, c’est le premier niveau de contact avec les services publics, l’administration, c’est la première porte à laquelle on frappe en cas de difficultés.</p>
<p>C’est de la responsabilité des élus non seulement d’écouter et accompagner au mieux les Voreppins, mais c’est aussi de la <strong>responsabilité des élus de prévoir, d’anticiper, et d’accompagner aux changements les habitants</strong> pour que Voreppe soit une commune préservée, encore plus agréable à vivre.</p>
<p><em style="font-size: small;">Ce texte est issu de la préparation de l&rsquo;<a href="https://www.ledauphine.com/elections/2025/12/21/isere-municipales-2026-une-troisieme-liste-conduite-a-voreppe-par-fabienne-sentis" target="_blank" rel="noopener">interview du Dauphiné Libéré</a> de décembre dernier</em></p>

<p>Le système actuel veut que l’on mette en avant une personne, une tête de liste. Oui, un ou une maire est responsable des décisions prises, &hellip; </p>
