{"id":1209,"date":"2026-02-26T06:15:49","date_gmt":"2026-02-26T05:15:49","guid":{"rendered":"http:\/\/www.voreppeavenir.fr\/changeons\/?page_id=1209"},"modified":"2026-02-27T17:12:14","modified_gmt":"2026-02-27T16:12:14","slug":"le-programme-introduction","status":"publish","type":"page","link":"http:\/\/www.voreppeavenir.fr\/changeons\/le-programme-introduction\/","title":{"rendered":"Le programme &#8211; Introduction"},"content":{"rendered":"<p><img decoding=\"async\" class=\"alignright size-full wp-image-1101\" src=\"http:\/\/www.voreppeavenir.fr\/changeons\/wp-content\/uploads\/2026\/02\/SENTIS_FABIENNE_reduit.jpg\" alt=\"\" width=\"30%\" srcset=\"http:\/\/www.voreppeavenir.fr\/changeons\/wp-content\/uploads\/2026\/02\/SENTIS_FABIENNE_reduit.jpg 400w, http:\/\/www.voreppeavenir.fr\/changeons\/wp-content\/uploads\/2026\/02\/SENTIS_FABIENNE_reduit-300x217.jpg 300w\" sizes=\"(max-width: 400px) 100vw, 400px\" \/>Ch\u00e8res Voreppines, Chers Voreppins,<\/p>\n<p>Notre commune est notre lieu de vie \u00e0 tous. Notre mairie est souvent le premier niveau de contact avec les services publics et l\u2019administration. C\u2019est parfois la premi\u00e8re porte \u00e0 laquelle on frappe.<\/p>\n<p>Lors des \u00e9lections municipales, vous allez choisir non seulement la Maire, mais aussi l\u2019\u00e9quipe qui pendant 6 ans aura la responsabilit\u00e9 de vous accompagner au quotidien. Cette \u00e9quipe devra anticiper les changements auxquels nous aurons tous \u00e0 faire face pour que Voreppe soit une commune pr\u00e9serv\u00e9e encore plus agr\u00e9able \u00e0 vivre.<\/p>\n<p>On entend souvent : <em>\u00ab Les gens doivent changer de mode de d\u00e9placement, de consommation ; ils doivent accepter ceci, ne plus faire cela&#8230; \u00bb<\/em>, mais \u00e0 quel moment les \u00e9lus remettent-ils en cause leur fonctionnement ?<\/p>\n<p>Face \u00e0 un environnement social, \u00e9conomique et climatique qui se durcit, je pense qu\u2019<strong>il est indispensable de changer nos pratiques de gouvernance pour instaurer des m\u00e9thodes de travail et de d\u00e9cisions plus collectives<\/strong>, plus respectueuses des diff\u00e9rents points de vue, et qui int\u00e8grent la parole et des id\u00e9es des habitants de tous \u00e2ges. En un mot, des m\u00e9thodes qui rassemblent.<\/p>\n<p>Il faut en finir avec des actions qui ne sont jamais pens\u00e9es dans leur globalit\u00e9, alors qu\u2019elles ont des impacts sur l\u2019ensemble de la commune et de ses habitants.<\/p>\n<p><strong>Tout comme moi, chaque personne de notre liste s\u2019engage \u00e0 \u00eatre sinc\u00e8re, transparente, dans l\u2019\u00e9coute et le dialogue r\u00e9gulier avec tous les habitants, les associations, les acteurs de la vie \u00e9conomique, de la sant\u00e9 et les institutions de Voreppe.<\/strong><\/p>\n<p>Nos engagements envers Voreppe ne sont pas un programme \u00e9lectoral motiv\u00e9 par la seule volont\u00e9 de remplacer les \u00e9lus en poste.<\/p>\n<p><strong>\u00c0 travers ce programme, nous portons des valeurs claires et coh\u00e9rentes, une vision et des actions r\u00e9solument engag\u00e9es pour notre avenir.<\/strong><\/p>\n<p><strong>Si vous pensez<\/strong> que nous sommes tous, individuellement et collectivement, partie prenante de notre avenir,<br \/>\n<strong>Si vous pensez<\/strong> que c\u2019est dans l\u2019\u00e9coute, l\u2019\u00e9change que nous pourrons am\u00e9nager, adapter, animer notre commune et renforcer les liens entre ses habitants,<br \/>\n<strong>Si vous pensez<\/strong> que c\u2019est tous ensemble que nous pouvons construire un projet qui apporte des r\u00e9ponses durables pour notre commune,<\/p>\n<p><strong>Alors le 15 mars votez <em>Voreppe Avenir : Changeons !<\/em><\/strong><\/p>\n<p>Tr\u00e8s sinc\u00e8rement,<\/p>\n<p style=\"text-align: right;\">Fabienne SENTIS<\/p>\n<div style=\"text-align: right;\"><a href=\"http:\/\/www.voreppeavenir.fr\/changeons\/notre-programme\/\">Retour au programme<\/a><\/div>\n<hr\/>\n<p><img decoding=\"async\" class=\"aligncenter size-full wp-image-1142\" src=\"http:\/\/www.voreppeavenir.fr\/changeons\/wp-content\/uploads\/2026\/02\/programme_VoreppeAvenir_Changeons_print-01.png\" alt=\"\" width=\"80%\" \/><br \/>\n<img decoding=\"async\" class=\"aligncenter size-full wp-image-1144\" src=\"http:\/\/www.voreppeavenir.fr\/changeons\/wp-content\/uploads\/2026\/02\/programme_VoreppeAvenir_Changeons_print-03.png\" alt=\"\" width=\"80%\" \/><\/p>\n<div style=\"text-align: right;\"><a href=\"http:\/\/www.voreppeavenir.fr\/changeons\/notre-programme\/\">Retour au programme<\/a><\/div>\n","protected":false},"excerpt":{"rendered":"<p>Ch\u00e8res Voreppines, Chers Voreppins, Notre commune est notre lieu de vie \u00e0 tous. Notre mairie est souvent le premier niveau de contact avec les services &hellip; <\/p>\n","protected":false},"author":7,"featured_media":0,"parent":0,"menu_order":0,"comment_status":"closed","ping_status":"closed","template":"","meta":{"footnotes":""},"class_list":["post-1209","page","type-page","status-publish","hentry"],"_links":{"self":[{"href":"http:\/\/www.voreppeavenir.fr\/changeons\/wp-json\/wp\/v2\/pages\/1209","targetHints":{"allow":["GET"]}}],"collection":[{"href":"http:\/\/www.voreppeavenir.fr\/changeons\/wp-json\/wp\/v2\/pages"}],"about":[{"href":"http:\/\/www.voreppeavenir.fr\/changeons\/wp-json\/wp\/v2\/types\/page"}],"author":[{"embeddable":true,"href":"http:\/\/www.voreppeavenir.fr\/changeons\/wp-json\/wp\/v2\/users\/7"}],"replies":[{"embeddable":true,"href":"http:\/\/www.voreppeavenir.fr\/changeons\/wp-json\/wp\/v2\/comments?post=1209"}],"version-history":[{"count":6,"href":"http:\/\/www.voreppeavenir.fr\/changeons\/wp-json\/wp\/v2\/pages\/1209\/revisions"}],"predecessor-version":[{"id":1407,"href":"http:\/\/www.voreppeavenir.fr\/changeons\/wp-json\/wp\/v2\/pages\/1209\/revisions\/1407"}],"wp:attachment":[{"href":"http:\/\/www.voreppeavenir.fr\/changeons\/wp-json\/wp\/v2\/media?parent=1209"}],"curies":[{"name":"wp","href":"https:\/\/api.w.org\/{rel}","templated":true}]}}